{"id":1184,"date":"2021-04-26T08:03:02","date_gmt":"2021-04-26T06:03:02","guid":{"rendered":"http:\/\/queyrieres.fr\/?page_id=1184"},"modified":"2021-04-26T08:14:06","modified_gmt":"2021-04-26T06:14:06","slug":"village-etoile","status":"publish","type":"page","link":"https:\/\/queyrieres.fr\/index.php\/vie-pratique\/environnement\/village-etoile\/","title":{"rendered":"Village \u00e9toil\u00e9"},"content":{"rendered":"\t\t<div data-elementor-type=\"wp-page\" data-elementor-id=\"1184\" class=\"elementor elementor-1184\">\n\t\t\t\t\t\t\t\t\t<section class=\"elementor-section elementor-top-section elementor-element elementor-element-905117c elementor-section-boxed elementor-section-height-default elementor-section-height-default\" data-id=\"905117c\" data-element_type=\"section\">\n\t\t\t\t\t\t<div class=\"elementor-container elementor-column-gap-default\">\n\t\t\t\t\t<div class=\"elementor-column elementor-col-100 elementor-top-column elementor-element elementor-element-ffeaa94\" data-id=\"ffeaa94\" data-element_type=\"column\">\n\t\t\t<div class=\"elementor-widget-wrap elementor-element-populated\">\n\t\t\t\t\t\t\t\t<div class=\"elementor-element elementor-element-88c2531 elementor-widget elementor-widget-heading\" data-id=\"88c2531\" data-element_type=\"widget\" data-widget_type=\"heading.default\">\n\t\t\t\t<div class=\"elementor-widget-container\">\n\t\t\t<h2 class=\"elementor-heading-title elementor-size-default\">Village \u00e9toil\u00e9<\/h2>\t\t<\/div>\n\t\t\t\t<\/div>\n\t\t\t\t\t<\/div>\n\t\t<\/div>\n\t\t\t\t\t\t\t<\/div>\n\t\t<\/section>\n\t\t\t\t<section class=\"elementor-section elementor-top-section elementor-element elementor-element-d153d56 elementor-section-boxed elementor-section-height-default elementor-section-height-default\" data-id=\"d153d56\" data-element_type=\"section\">\n\t\t\t\t\t\t<div class=\"elementor-container elementor-column-gap-default\">\n\t\t\t\t\t<div class=\"elementor-column elementor-col-100 elementor-top-column elementor-element elementor-element-e0f93b7\" data-id=\"e0f93b7\" data-element_type=\"column\">\n\t\t\t<div class=\"elementor-widget-wrap elementor-element-populated\">\n\t\t\t\t\t\t\t\t<div class=\"elementor-element elementor-element-5b72f7a elementor-widget elementor-widget-text-editor\" data-id=\"5b72f7a\" data-element_type=\"widget\" data-widget_type=\"text-editor.default\">\n\t\t\t\t<div class=\"elementor-widget-container\">\n\t\t\t\t\t\t\t<p>Gr\u00e2ce aux efforts effectu\u00e9s sur l\u2019am\u00e9nagement et la gestion de l\u2019\u00e9clairage public, le village a re\u00e7u une distinction symbolique avec le label : Village \u00e9toil\u00e9 deux \u00e9toiles.<\/p><p>Ce label est remis par (l\u2019<a href=\"https:\/\/www.anpcen.fr\/\" target=\"_blank\" rel=\"noopener\">ANPCEN<\/a>) \u00a0<strong>A<\/strong>ssociation <strong>N<\/strong>ationale pour la <strong>P<\/strong>rotection du <strong>C<\/strong>iel et de l\u2019<strong>E<\/strong>nvironnement <strong>N<\/strong>octurnes pour r\u00e9compenser les communes engag\u00e9es dans une d\u00e9marche d\u2019am\u00e9lioration continue de la qualit\u00e9 de l\u2019environnement nocturne tant pour les humains que pour la biodiversit\u00e9.<\/p><p>Il incite aux \u00e9conomies d\u2019\u00e9nergie, \u00e0 la diminution de d\u00e9penses publiques inutiles et \u00e0 la sensibilisation des habitants aux diff\u00e9rents impacts de la pollution lumineuse.<\/p><p>L\u2019\u00e9clairage public est le point fort de la d\u00e9marche par la gestion de l\u2019appareillage tant sur le nombre de points lumineux que sur le choix.<\/p><p>L\u2019extinction\u00a0 nocturne partielle est l\u2019\u00e9l\u00e9ment le plus probant sur le plan d\u2019\u00e9conomie d\u2019\u00e9nergie et de co\u00fbt ainsi que sur l\u2019impact de la pollution lumineuse.<\/p><p>L\u2019extinction de l\u2019\u00e9clairage public sur la commune s\u2019applique de 23h \u00e0 6 h.<\/p>\t\t\t\t\t\t<\/div>\n\t\t\t\t<\/div>\n\t\t\t\t\t<\/div>\n\t\t<\/div>\n\t\t\t\t\t\t\t<\/div>\n\t\t<\/section>\n\t\t\t\t<section class=\"elementor-section elementor-top-section elementor-element elementor-element-6044f95 elementor-section-boxed elementor-section-height-default elementor-section-height-default\" data-id=\"6044f95\" data-element_type=\"section\">\n\t\t\t\t\t\t<div class=\"elementor-container elementor-column-gap-default\">\n\t\t\t\t\t<div class=\"elementor-column elementor-col-100 elementor-top-column elementor-element elementor-element-a29a70a\" data-id=\"a29a70a\" data-element_type=\"column\">\n\t\t\t<div class=\"elementor-widget-wrap elementor-element-populated\">\n\t\t\t\t\t\t\t\t<div class=\"elementor-element elementor-element-94c717c elementor-widget elementor-widget-image\" data-id=\"94c717c\" data-element_type=\"widget\" data-widget_type=\"image.default\">\n\t\t\t\t<div class=\"elementor-widget-container\">\n\t\t\t\t\t\t\t\t\t\t\t\t\t\t\t<img fetchpriority=\"high\" decoding=\"async\" width=\"354\" height=\"236\" src=\"https:\/\/queyrieres.fr\/wp-content\/uploads\/2021\/04\/villageetoile.jpg\" class=\"attachment-large size-large wp-image-1186\" alt=\"\" srcset=\"https:\/\/queyrieres.fr\/wp-content\/uploads\/2021\/04\/villageetoile.jpg 354w, https:\/\/queyrieres.fr\/wp-content\/uploads\/2021\/04\/villageetoile-300x200.jpg 300w\" sizes=\"(max-width: 354px) 100vw, 354px\" \/>\t\t\t\t\t\t\t\t\t\t\t\t\t\t\t<\/div>\n\t\t\t\t<\/div>\n\t\t\t\t\t<\/div>\n\t\t<\/div>\n\t\t\t\t\t\t\t<\/div>\n\t\t<\/section>\n\t\t\t\t\t\t\t<\/div>\n\t\t","protected":false},"excerpt":{"rendered":"<p>Village \u00e9toil\u00e9 Gr\u00e2ce aux efforts effectu\u00e9s sur l\u2019am\u00e9nagement et la gestion de l\u2019\u00e9clairage public, le village a re\u00e7u une distinction symbolique avec le label : Village \u00e9toil\u00e9 deux \u00e9toiles. Ce label est remis par (l\u2019ANPCEN) &nbsp;Association Nationale pour la Protection du Ciel et de l\u2019Environnement Nocturnes pour r\u00e9compenser les communes engag\u00e9es dans une d\u00e9marche d\u2019am\u00e9lioration&hellip;&nbsp;<a href=\"https:\/\/queyrieres.fr\/index.php\/vie-pratique\/environnement\/village-etoile\/\" rel=\"bookmark\">Lire la suite &raquo;<span class=\"screen-reader-text\">Village \u00e9toil\u00e9<\/span><\/a><\/p>\n","protected":false},"author":1,"featured_media":0,"parent":202,"menu_order":0,"comment_status":"closed","ping_status":"closed","template":"page-templates\/template-pagebuilder-full-width.php","meta":{"neve_meta_sidebar":"full-width","neve_meta_container":"","neve_meta_enable_content_width":"on","neve_meta_content_width":100,"neve_meta_title_alignment":"","neve_meta_author_avatar":"","neve_post_elements_order":"","neve_meta_disable_header":"","neve_meta_disable_footer":"","neve_meta_disable_title":"","footnotes":""},"class_list":["post-1184","page","type-page","status-publish","hentry"],"publishpress_future_action":{"enabled":false,"date":"2026-05-02 18:02:16","action":"change-status","newStatus":"draft","terms":[],"taxonomy":""},"publishpress_future_workflow_manual_trigger":{"enabledWorkflows":[]},"_links":{"self":[{"href":"https:\/\/queyrieres.fr\/index.php\/wp-json\/wp\/v2\/pages\/1184","targetHints":{"allow":["GET"]}}],"collection":[{"href":"https:\/\/queyrieres.fr\/index.php\/wp-json\/wp\/v2\/pages"}],"about":[{"href":"https:\/\/queyrieres.fr\/index.php\/wp-json\/wp\/v2\/types\/page"}],"author":[{"embeddable":true,"href":"https:\/\/queyrieres.fr\/index.php\/wp-json\/wp\/v2\/users\/1"}],"replies":[{"embeddable":true,"href":"https:\/\/queyrieres.fr\/index.php\/wp-json\/wp\/v2\/comments?post=1184"}],"version-history":[{"count":14,"href":"https:\/\/queyrieres.fr\/index.php\/wp-json\/wp\/v2\/pages\/1184\/revisions"}],"predecessor-version":[{"id":1199,"href":"https:\/\/queyrieres.fr\/index.php\/wp-json\/wp\/v2\/pages\/1184\/revisions\/1199"}],"up":[{"embeddable":true,"href":"https:\/\/queyrieres.fr\/index.php\/wp-json\/wp\/v2\/pages\/202"}],"wp:attachment":[{"href":"https:\/\/queyrieres.fr\/index.php\/wp-json\/wp\/v2\/media?parent=1184"}],"curies":[{"name":"wp","href":"https:\/\/api.w.org\/{rel}","templated":true}]}}