{"id":209,"date":"2020-11-11T10:24:17","date_gmt":"2020-11-11T09:24:17","guid":{"rendered":"http:\/\/queyrieres.fr\/?page_id=209"},"modified":"2023-12-17T17:59:47","modified_gmt":"2023-12-17T16:59:47","slug":"les-manifestations-a-venir","status":"publish","type":"page","link":"https:\/\/queyrieres.fr\/index.php\/vivre-ensemble\/les-manifestations-a-venir\/","title":{"rendered":"Les manifestations \u00e0 venir"},"content":{"rendered":"\t\t<div data-elementor-type=\"wp-page\" data-elementor-id=\"209\" class=\"elementor elementor-209\">\n\t\t\t\t\t\t\t\t\t<section class=\"elementor-section elementor-top-section elementor-element elementor-element-875444f elementor-section-boxed elementor-section-height-default elementor-section-height-default\" data-id=\"875444f\" data-element_type=\"section\">\n\t\t\t\t\t\t<div class=\"elementor-container elementor-column-gap-default\">\n\t\t\t\t\t<div class=\"elementor-column elementor-col-100 elementor-top-column elementor-element elementor-element-752abb1\" data-id=\"752abb1\" data-element_type=\"column\">\n\t\t\t<div class=\"elementor-widget-wrap elementor-element-populated\">\n\t\t\t\t\t\t\t\t<div class=\"elementor-element elementor-element-c269b06 elementor-widget elementor-widget-heading\" data-id=\"c269b06\" data-element_type=\"widget\" data-widget_type=\"heading.default\">\n\t\t\t\t<div class=\"elementor-widget-container\">\n\t\t\t<h2 class=\"elementor-heading-title elementor-size-default\">La journ\u00e9e de l'environnement<\/h2>\t\t<\/div>\n\t\t\t\t<\/div>\n\t\t\t\t\t<\/div>\n\t\t<\/div>\n\t\t\t\t\t\t\t<\/div>\n\t\t<\/section>\n\t\t\t\t<section class=\"elementor-section elementor-top-section elementor-element elementor-element-4ecea9c elementor-section-boxed elementor-section-height-default elementor-section-height-default\" data-id=\"4ecea9c\" data-element_type=\"section\">\n\t\t\t\t\t\t<div class=\"elementor-container elementor-column-gap-default\">\n\t\t\t\t\t<div class=\"elementor-column elementor-col-50 elementor-top-column elementor-element elementor-element-a078d3d\" data-id=\"a078d3d\" data-element_type=\"column\">\n\t\t\t<div class=\"elementor-widget-wrap elementor-element-populated\">\n\t\t\t\t\t\t\t\t<div class=\"elementor-element elementor-element-224f30e elementor-widget elementor-widget-text-editor\" data-id=\"224f30e\" data-element_type=\"widget\" data-widget_type=\"text-editor.default\">\n\t\t\t\t<div class=\"elementor-widget-container\">\n\t\t\t\t\t\t\t<p>La journ\u00e9e de l&rsquo;environnement aura lieu le 28 septembre 2024.<\/p><p>L&rsquo;organisation et les actions seront pr\u00e9cis\u00e9es ult\u00e9rieurement.<\/p><p>Nous comptons sur votre participation.<\/p>\t\t\t\t\t\t<\/div>\n\t\t\t\t<\/div>\n\t\t\t\t\t<\/div>\n\t\t<\/div>\n\t\t\t\t<div class=\"elementor-column elementor-col-50 elementor-top-column elementor-element elementor-element-f12c023\" data-id=\"f12c023\" data-element_type=\"column\">\n\t\t\t<div class=\"elementor-widget-wrap elementor-element-populated\">\n\t\t\t\t\t\t\t\t<div class=\"elementor-element elementor-element-e9f4288 elementor-widget elementor-widget-image\" data-id=\"e9f4288\" data-element_type=\"widget\" data-widget_type=\"image.default\">\n\t\t\t\t<div class=\"elementor-widget-container\">\n\t\t\t\t\t\t\t\t\t\t\t\t\t\t\t<img fetchpriority=\"high\" decoding=\"async\" width=\"300\" height=\"248\" src=\"https:\/\/queyrieres.fr\/wp-content\/uploads\/2021\/08\/evenementon3-e3895-91a32-e1691746357179-300x248.jpg\" class=\"attachment-medium size-medium wp-image-1840\" alt=\"\" srcset=\"https:\/\/queyrieres.fr\/wp-content\/uploads\/2021\/08\/evenementon3-e3895-91a32-e1691746357179-300x248.jpg 300w, https:\/\/queyrieres.fr\/wp-content\/uploads\/2021\/08\/evenementon3-e3895-91a32-e1691746357179.jpg 500w\" sizes=\"(max-width: 300px) 100vw, 300px\" \/>\t\t\t\t\t\t\t\t\t\t\t\t\t\t\t<\/div>\n\t\t\t\t<\/div>\n\t\t\t\t\t<\/div>\n\t\t<\/div>\n\t\t\t\t\t\t\t<\/div>\n\t\t<\/section>\n\t\t\t\t\t\t\t<\/div>\n\t\t","protected":false},"excerpt":{"rendered":"<p>La journ\u00e9e de l&rsquo;environnement La journ\u00e9e de l&rsquo;environnement aura lieu le 28 septembre 2024. L&rsquo;organisation et les actions seront pr\u00e9cis\u00e9es ult\u00e9rieurement. Nous comptons sur votre participation.<\/p>\n","protected":false},"author":2,"featured_media":0,"parent":160,"menu_order":0,"comment_status":"closed","ping_status":"closed","template":"page-templates\/template-pagebuilder-full-width.php","meta":{"neve_meta_sidebar":"full-width","neve_meta_container":"","neve_meta_enable_content_width":"on","neve_meta_content_width":100,"neve_meta_title_alignment":"","neve_meta_author_avatar":"","neve_post_elements_order":"","neve_meta_disable_header":"","neve_meta_disable_footer":"","neve_meta_disable_title":"","footnotes":""},"class_list":["post-209","page","type-page","status-publish","hentry"],"publishpress_future_action":{"enabled":false,"date":"2026-05-06 14:23:59","action":"change-status","newStatus":"draft","terms":[],"taxonomy":""},"publishpress_future_workflow_manual_trigger":{"enabledWorkflows":[]},"_links":{"self":[{"href":"https:\/\/queyrieres.fr\/index.php\/wp-json\/wp\/v2\/pages\/209","targetHints":{"allow":["GET"]}}],"collection":[{"href":"https:\/\/queyrieres.fr\/index.php\/wp-json\/wp\/v2\/pages"}],"about":[{"href":"https:\/\/queyrieres.fr\/index.php\/wp-json\/wp\/v2\/types\/page"}],"author":[{"embeddable":true,"href":"https:\/\/queyrieres.fr\/index.php\/wp-json\/wp\/v2\/users\/2"}],"replies":[{"embeddable":true,"href":"https:\/\/queyrieres.fr\/index.php\/wp-json\/wp\/v2\/comments?post=209"}],"version-history":[{"count":40,"href":"https:\/\/queyrieres.fr\/index.php\/wp-json\/wp\/v2\/pages\/209\/revisions"}],"predecessor-version":[{"id":2914,"href":"https:\/\/queyrieres.fr\/index.php\/wp-json\/wp\/v2\/pages\/209\/revisions\/2914"}],"up":[{"embeddable":true,"href":"https:\/\/queyrieres.fr\/index.php\/wp-json\/wp\/v2\/pages\/160"}],"wp:attachment":[{"href":"https:\/\/queyrieres.fr\/index.php\/wp-json\/wp\/v2\/media?parent=209"}],"curies":[{"name":"wp","href":"https:\/\/api.w.org\/{rel}","templated":true}]}}

Les manifestations à venir

<div data-elementor-type="wp-page" data-elementor-id="209" class="elementor elementor-209">
									<section class="elementor-section elementor-top-section elementor-element elementor-element-875444f elementor-section-boxed elementor-section-height-default elementor-section-height-default" data-id="875444f" data-element_type="section">
						<div class="elementor-container elementor-column-gap-default">
					<div class="elementor-column elementor-col-100 elementor-top-column elementor-element elementor-element-752abb1" data-id="752abb1" data-element_type="column">
			<div class="elementor-widget-wrap elementor-element-populated">
								<div class="elementor-element elementor-element-c269b06 elementor-widget elementor-widget-heading" data-id="c269b06" data-element_type="widget" data-widget_type="heading.default">
				<div class="elementor-widget-container">
			<h2 class="elementor-heading-title elementor-size-default">La journée de l'environnement</h2>		</div>
				</div>
					</div>
		</div>
							</div>
		</section>
				<section class="elementor-section elementor-top-section elementor-element elementor-element-4ecea9c elementor-section-boxed elementor-section-height-default elementor-section-height-default" data-id="4ecea9c" data-element_type="section">
						<div class="elementor-container elementor-column-gap-default">
					<div class="elementor-column elementor-col-50 elementor-top-column elementor-element elementor-element-a078d3d" data-id="a078d3d" data-element_type="column">
			<div class="elementor-widget-wrap elementor-element-populated">
								<div class="elementor-element elementor-element-224f30e elementor-widget elementor-widget-text-editor" data-id="224f30e" data-element_type="widget" data-widget_type="text-editor.default">
				<div class="elementor-widget-container">
							<p>La journée de l&rsquo;environnement aura lieu le 28 septembre 2024.</p><p>L&rsquo;organisation et les actions seront précisées ultérieurement.</p><p>Nous comptons sur votre participation.</p>						</div>
				</div>
					</div>
		</div>
				<div class="elementor-column elementor-col-50 elementor-top-column elementor-element elementor-element-f12c023" data-id="f12c023" data-element_type="column">
			<div class="elementor-widget-wrap elementor-element-populated">
								<div class="elementor-element elementor-element-e9f4288 elementor-widget elementor-widget-image" data-id="e9f4288" data-element_type="widget" data-widget_type="image.default">
				<div class="elementor-widget-container">
															<img fetchpriority="high" decoding="async" width="300" height="248" src="https://queyrieres.fr/wp-content/uploads/2021/08/evenementon3-e3895-91a32-e1691746357179-300x248.jpg" class="attachment-medium size-medium wp-image-1840" alt="" srcset="https://queyrieres.fr/wp-content/uploads/2021/08/evenementon3-e3895-91a32-e1691746357179-300x248.jpg 300w, https://queyrieres.fr/wp-content/uploads/2021/08/evenementon3-e3895-91a32-e1691746357179.jpg 500w" sizes="(max-width: 300px) 100vw, 300px" />															</div>
				</div>
					</div>
		</div>
							</div>
		</section>
							</div>

<p>La journée de l&rsquo;environnement La journée de l&rsquo;environnement aura lieu le 28 septembre 2024. L&rsquo;organisation et les actions seront précisées ultérieurement. Nous comptons sur votre participation.</p>
