{"id":723,"date":"2021-03-08T18:48:30","date_gmt":"2021-03-08T17:48:30","guid":{"rendered":"http:\/\/queyrieres.fr\/?page_id=723"},"modified":"2021-06-07T22:23:19","modified_gmt":"2021-06-07T20:23:19","slug":"lespace-nordique-du-meygal","status":"publish","type":"page","link":"https:\/\/queyrieres.fr\/index.php\/vie-pratique\/tourisme\/lespace-nordique-du-meygal\/","title":{"rendered":"L&rsquo;espace Nordique du Meygal"},"content":{"rendered":"\t\t<div data-elementor-type=\"wp-page\" data-elementor-id=\"723\" class=\"elementor elementor-723\">\n\t\t\t\t\t\t\t\t\t<section class=\"elementor-section elementor-top-section elementor-element elementor-element-9ed06f9 elementor-section-boxed elementor-section-height-default elementor-section-height-default\" data-id=\"9ed06f9\" data-element_type=\"section\">\n\t\t\t\t\t\t<div class=\"elementor-container elementor-column-gap-default\">\n\t\t\t\t\t<div class=\"elementor-column elementor-col-100 elementor-top-column elementor-element elementor-element-6f70da8\" data-id=\"6f70da8\" data-element_type=\"column\">\n\t\t\t<div class=\"elementor-widget-wrap elementor-element-populated\">\n\t\t\t\t\t\t\t\t<div class=\"elementor-element elementor-element-2111eb5 elementor-widget elementor-widget-heading\" data-id=\"2111eb5\" data-element_type=\"widget\" data-widget_type=\"heading.default\">\n\t\t\t\t<div class=\"elementor-widget-container\">\n\t\t\t<h1 class=\"elementor-heading-title elementor-size-default\">L'espace Nordique du Meygal<\/h1>\t\t<\/div>\n\t\t\t\t<\/div>\n\t\t\t\t\t<\/div>\n\t\t<\/div>\n\t\t\t\t\t\t\t<\/div>\n\t\t<\/section>\n\t\t\t\t<section class=\"elementor-section elementor-top-section elementor-element elementor-element-becc08e elementor-section-boxed elementor-section-height-default elementor-section-height-default\" data-id=\"becc08e\" data-element_type=\"section\">\n\t\t\t\t\t\t<div class=\"elementor-container elementor-column-gap-default\">\n\t\t\t\t\t<div class=\"elementor-column elementor-col-100 elementor-top-column elementor-element elementor-element-1decc5d\" data-id=\"1decc5d\" data-element_type=\"column\">\n\t\t\t<div class=\"elementor-widget-wrap elementor-element-populated\">\n\t\t\t\t\t\t\t\t<div class=\"elementor-element elementor-element-e3df315 elementor-widget elementor-widget-text-editor\" data-id=\"e3df315\" data-element_type=\"widget\" data-widget_type=\"text-editor.default\">\n\t\t\t\t<div class=\"elementor-widget-container\">\n\t\t\t\t\t\t\t<p class=\"corpstexte\" align=\"justify\">A 2 km \u00e0 l&rsquo;est de Queyri\u00e8res, \u00e0 une altitude de 1200 \u00e0 1450 m\u00e8tres, le domaine du Meygal vous attend pour des balades en for\u00eat domaniale.<br \/>44 kilom\u00e8tres de pistes trac\u00e9es en classique et skating, balis\u00e9es et s\u00e9curis\u00e9es&#8230;<\/p><p class=\"corpstexte\" align=\"justify\">Le nouveau <a href=\"https:\/\/chaletdumeygal.wordpress.com\/\" target=\"_blank\" rel=\"noopener\">Chalet du Meygal<\/a> vous accueille tous les jours de 9h15 \u00e0 la tomb\u00e9e de la nuit, et vous propose toujours, au d\u00e9part des pistes, de la <strong>location de mat\u00e9riel<\/strong> (skis, skatings, raquettes) pour tous les \u00e2ges (\u00e0 partir de 2 ans), pour les sportifs comme pour les d\u00e9butants.<br \/>Pour connaitre les pistes et leur ouverture vous pouvez appeler au <strong>04 71 57 64 67 <\/strong>ou consulter le site du <a href=\"https:\/\/www.nordicfrance.fr\/nordicfrance_station\/domaine-nordique-du-meygal\/\" target=\"_blank\" rel=\"noopener\">SIVOM<\/a>.<\/p>\t\t\t\t\t\t<\/div>\n\t\t\t\t<\/div>\n\t\t\t\t\t<\/div>\n\t\t<\/div>\n\t\t\t\t\t\t\t<\/div>\n\t\t<\/section>\n\t\t\t\t<section class=\"elementor-section elementor-top-section elementor-element elementor-element-2f2553f elementor-section-boxed elementor-section-height-default elementor-section-height-default\" data-id=\"2f2553f\" data-element_type=\"section\">\n\t\t\t\t\t\t<div class=\"elementor-container elementor-column-gap-default\">\n\t\t\t\t\t<div class=\"elementor-column elementor-col-100 elementor-top-column elementor-element elementor-element-feec601\" data-id=\"feec601\" data-element_type=\"column\">\n\t\t\t<div class=\"elementor-widget-wrap elementor-element-populated\">\n\t\t\t\t\t\t\t\t<div class=\"elementor-element elementor-element-d20db7a elementor-widget elementor-widget-image\" data-id=\"d20db7a\" data-element_type=\"widget\" data-widget_type=\"image.default\">\n\t\t\t\t<div class=\"elementor-widget-container\">\n\t\t\t\t\t\t\t\t\t\t\t\t\t\t\t<img fetchpriority=\"high\" decoding=\"async\" width=\"1024\" height=\"498\" src=\"https:\/\/queyrieres.fr\/wp-content\/uploads\/2021\/03\/20210103_132452_R-1024x498.jpg\" class=\"attachment-large size-large wp-image-726\" alt=\"\" srcset=\"https:\/\/queyrieres.fr\/wp-content\/uploads\/2021\/03\/20210103_132452_R-1024x498.jpg 1024w, https:\/\/queyrieres.fr\/wp-content\/uploads\/2021\/03\/20210103_132452_R-300x146.jpg 300w, https:\/\/queyrieres.fr\/wp-content\/uploads\/2021\/03\/20210103_132452_R-768x373.jpg 768w, https:\/\/queyrieres.fr\/wp-content\/uploads\/2021\/03\/20210103_132452_R-1536x746.jpg 1536w, https:\/\/queyrieres.fr\/wp-content\/uploads\/2021\/03\/20210103_132452_R.jpg 1920w\" sizes=\"(max-width: 1024px) 100vw, 1024px\" \/>\t\t\t\t\t\t\t\t\t\t\t\t\t\t\t<\/div>\n\t\t\t\t<\/div>\n\t\t\t\t\t<\/div>\n\t\t<\/div>\n\t\t\t\t\t\t\t<\/div>\n\t\t<\/section>\n\t\t\t\t\t\t\t<\/div>\n\t\t","protected":false},"excerpt":{"rendered":"<p>L&rsquo;espace Nordique du Meygal A 2 km \u00e0 l&rsquo;est de Queyri\u00e8res, \u00e0 une altitude de 1200 \u00e0 1450 m\u00e8tres, le domaine du Meygal vous attend pour des balades en for\u00eat domaniale.44 kilom\u00e8tres de pistes trac\u00e9es en classique et skating, balis\u00e9es et s\u00e9curis\u00e9es&#8230; Le nouveau Chalet du Meygal vous accueille tous les jours de 9h15 \u00e0&hellip;&nbsp;<a href=\"https:\/\/queyrieres.fr\/index.php\/vie-pratique\/tourisme\/lespace-nordique-du-meygal\/\" rel=\"bookmark\">Lire la suite &raquo;<span class=\"screen-reader-text\">L&rsquo;espace Nordique du Meygal<\/span><\/a><\/p>\n","protected":false},"author":1,"featured_media":0,"parent":188,"menu_order":0,"comment_status":"closed","ping_status":"closed","template":"page-templates\/template-pagebuilder-full-width.php","meta":{"neve_meta_sidebar":"full-width","neve_meta_container":"","neve_meta_enable_content_width":"on","neve_meta_content_width":100,"neve_meta_title_alignment":"","neve_meta_author_avatar":"","neve_post_elements_order":"","neve_meta_disable_header":"","neve_meta_disable_footer":"","neve_meta_disable_title":"","footnotes":""},"class_list":["post-723","page","type-page","status-publish","hentry"],"publishpress_future_action":{"enabled":false,"date":"2026-05-06 14:23:07","action":"change-status","newStatus":"draft","terms":[],"taxonomy":""},"publishpress_future_workflow_manual_trigger":{"enabledWorkflows":[]},"_links":{"self":[{"href":"https:\/\/queyrieres.fr\/index.php\/wp-json\/wp\/v2\/pages\/723","targetHints":{"allow":["GET"]}}],"collection":[{"href":"https:\/\/queyrieres.fr\/index.php\/wp-json\/wp\/v2\/pages"}],"about":[{"href":"https:\/\/queyrieres.fr\/index.php\/wp-json\/wp\/v2\/types\/page"}],"author":[{"embeddable":true,"href":"https:\/\/queyrieres.fr\/index.php\/wp-json\/wp\/v2\/users\/1"}],"replies":[{"embeddable":true,"href":"https:\/\/queyrieres.fr\/index.php\/wp-json\/wp\/v2\/comments?post=723"}],"version-history":[{"count":8,"href":"https:\/\/queyrieres.fr\/index.php\/wp-json\/wp\/v2\/pages\/723\/revisions"}],"predecessor-version":[{"id":1476,"href":"https:\/\/queyrieres.fr\/index.php\/wp-json\/wp\/v2\/pages\/723\/revisions\/1476"}],"up":[{"embeddable":true,"href":"https:\/\/queyrieres.fr\/index.php\/wp-json\/wp\/v2\/pages\/188"}],"wp:attachment":[{"href":"https:\/\/queyrieres.fr\/index.php\/wp-json\/wp\/v2\/media?parent=723"}],"curies":[{"name":"wp","href":"https:\/\/api.w.org\/{rel}","templated":true}]}}

<div data-elementor-type="wp-page" data-elementor-id="723" class="elementor elementor-723">
									<section class="elementor-section elementor-top-section elementor-element elementor-element-9ed06f9 elementor-section-boxed elementor-section-height-default elementor-section-height-default" data-id="9ed06f9" data-element_type="section">
						<div class="elementor-container elementor-column-gap-default">
					<div class="elementor-column elementor-col-100 elementor-top-column elementor-element elementor-element-6f70da8" data-id="6f70da8" data-element_type="column">
			<div class="elementor-widget-wrap elementor-element-populated">
								<div class="elementor-element elementor-element-2111eb5 elementor-widget elementor-widget-heading" data-id="2111eb5" data-element_type="widget" data-widget_type="heading.default">
				<div class="elementor-widget-container">
			<h1 class="elementor-heading-title elementor-size-default">L'espace Nordique du Meygal</h1>		</div>
				</div>
					</div>
		</div>
							</div>
		</section>
				<section class="elementor-section elementor-top-section elementor-element elementor-element-becc08e elementor-section-boxed elementor-section-height-default elementor-section-height-default" data-id="becc08e" data-element_type="section">
						<div class="elementor-container elementor-column-gap-default">
					<div class="elementor-column elementor-col-100 elementor-top-column elementor-element elementor-element-1decc5d" data-id="1decc5d" data-element_type="column">
			<div class="elementor-widget-wrap elementor-element-populated">
								<div class="elementor-element elementor-element-e3df315 elementor-widget elementor-widget-text-editor" data-id="e3df315" data-element_type="widget" data-widget_type="text-editor.default">
				<div class="elementor-widget-container">
							<p class="corpstexte" align="justify">A 2 km à l&rsquo;est de Queyrières, à une altitude de 1200 à 1450 mètres, le domaine du Meygal vous attend pour des balades en forêt domaniale.<br />44 kilomètres de pistes tracées en classique et skating, balisées et sécurisées&#8230;</p><p class="corpstexte" align="justify">Le nouveau <a href="https://chaletdumeygal.wordpress.com/" target="_blank" rel="noopener">Chalet du Meygal</a> vous accueille tous les jours de 9h15 à la tombée de la nuit, et vous propose toujours, au départ des pistes, de la <strong>location de matériel</strong> (skis, skatings, raquettes) pour tous les âges (à partir de 2 ans), pour les sportifs comme pour les débutants.<br />Pour connaitre les pistes et leur ouverture vous pouvez appeler au <strong>04 71 57 64 67 </strong>ou consulter le site du <a href="https://www.nordicfrance.fr/nordicfrance_station/domaine-nordique-du-meygal/" target="_blank" rel="noopener">SIVOM</a>.</p>						</div>
				</div>
					</div>
		</div>
							</div>
		</section>
				<section class="elementor-section elementor-top-section elementor-element elementor-element-2f2553f elementor-section-boxed elementor-section-height-default elementor-section-height-default" data-id="2f2553f" data-element_type="section">
						<div class="elementor-container elementor-column-gap-default">
					<div class="elementor-column elementor-col-100 elementor-top-column elementor-element elementor-element-feec601" data-id="feec601" data-element_type="column">
			<div class="elementor-widget-wrap elementor-element-populated">
								<div class="elementor-element elementor-element-d20db7a elementor-widget elementor-widget-image" data-id="d20db7a" data-element_type="widget" data-widget_type="image.default">
				<div class="elementor-widget-container">
															<img fetchpriority="high" decoding="async" width="1024" height="498" src="https://queyrieres.fr/wp-content/uploads/2021/03/20210103_132452_R-1024x498.jpg" class="attachment-large size-large wp-image-726" alt="" srcset="https://queyrieres.fr/wp-content/uploads/2021/03/20210103_132452_R-1024x498.jpg 1024w, https://queyrieres.fr/wp-content/uploads/2021/03/20210103_132452_R-300x146.jpg 300w, https://queyrieres.fr/wp-content/uploads/2021/03/20210103_132452_R-768x373.jpg 768w, https://queyrieres.fr/wp-content/uploads/2021/03/20210103_132452_R-1536x746.jpg 1536w, https://queyrieres.fr/wp-content/uploads/2021/03/20210103_132452_R.jpg 1920w" sizes="(max-width: 1024px) 100vw, 1024px" />															</div>
				</div>
					</div>
		</div>
							</div>
		</section>
							</div>

<p>L&rsquo;espace Nordique du Meygal A 2 km à l&rsquo;est de Queyrières, à une altitude de 1200 à 1450 mètres, le domaine du Meygal vous attend pour des balades en forêt domaniale.44 kilomètres de pistes tracées en classique et skating, balisées et sécurisées&#8230; Le nouveau Chalet du Meygal vous accueille tous les jours de 9h15 à&hellip;&nbsp;<a href="https://queyrieres.fr/index.php/vie-pratique/tourisme/lespace-nordique-du-meygal/" rel="bookmark">Lire la suite &raquo;<span class="screen-reader-text">L&rsquo;espace Nordique du Meygal</span></a></p>
